{"id":95,"date":"2018-10-24T14:29:17","date_gmt":"2018-10-24T14:29:17","guid":{"rendered":"http:\/\/www.terapiaharila.fi\/?page_id=95"},"modified":"2019-07-14T22:03:16","modified_gmt":"2019-07-14T22:03:16","slug":"toiminta-alue","status":"publish","type":"page","link":"https:\/\/www.terapiaharila.fi\/?page_id=95","title":{"rendered":"Toiminta-alue"},"content":{"rendered":"<p style=\"text-align: left;\"><strong>Sopimus KELA:n pohjoisen vakuutuspiirin kanssa 1.1.2019 alkaen (Ylitornio, Pello, Kolari ja Muonio).<\/strong> Toimintaterapia on t\u00e4ll\u00f6in Kelan j\u00e4rjest\u00e4m\u00e4\u00e4 ja rahoittamaa kuntoutusta. Kuntoutujan etuudet maksaa Kela.<\/p>\n<p>\u200bTarkempaa tietoa Kelan etuuksista, kuten kuntoutuksesta, matkakorvauksista ja vammaisetuuksista saat Kelan internetsivuilta (www.kela.fi). Tarvittaessa voit olla yhteydess\u00e4 Kelaan. Kelan etuuskohtaiset palvelunumerot ovat Kelan verkkosivuilla&nbsp;<a href=\"http:\/\/www.kela.fi\/\" target=\"_blank\" rel=\"nofollow noopener noreferrer\">www.kela.fi<\/a>&nbsp;&gt; Yhteystiedot &gt; Palvelunumerot. Kelan toimistojen osoitteet l\u00f6ytyv\u00e4t samalta sivulta&nbsp;<a href=\"http:\/\/www.kela.fi\/\" target=\"_blank\" rel=\"nofollow noopener noreferrer\">www.kela.fi<\/a>&nbsp; &gt;Yhteystiedot &gt; Toimistot ja muut palvelupisteet.<\/p>\n<p>Lis\u00e4ksi yhteisty\u00f6kumppaneina kunnat ja vakuutusyhti\u00f6t.<\/p>\n<p style=\"text-align: left;\"><img decoding=\"async\" loading=\"lazy\" class=\"size-medium wp-image-96 alignleft\" src=\"https:\/\/www.terapiaharila.fi\/wp-content\/uploads\/2018\/10\/kartta-300x278.png\" alt=\"\" width=\"300\" height=\"278\" srcset=\"https:\/\/www.terapiaharila.fi\/wp-content\/uploads\/2018\/10\/kartta-300x278.png 300w, https:\/\/www.terapiaharila.fi\/wp-content\/uploads\/2018\/10\/kartta.png 703w\" sizes=\"(max-width: 300px) 100vw, 300px\" \/><\/p>\n<p>&nbsp;<\/p>\n<p>&nbsp;<\/p>\n<p>&nbsp;<\/p>\n<p>&nbsp;<\/p>\n<p>&nbsp;<\/p>\n<p>&nbsp;<\/p>\n<p>&nbsp;<\/p>\n<p><strong>Ty\u00f6skentelyalue:<\/strong><br \/>\nTornio, Ylitornio, Pello, Kolari, Muonio, Rovaniemi<\/p>\n<div class=\"dc\"><a href=\"https:\/\/dissertationowl.com\/\">dissertation help service<\/a>.<\/div>\n","protected":false},"excerpt":{"rendered":"<p>Sopimus KELA:n pohjoisen vakuutuspiirin kanssa 1.1.2019 alkaen (Ylitornio, Pello, Kolari ja Muonio). Toimintaterapia on t\u00e4ll\u00f6in Kelan j\u00e4rjest\u00e4m\u00e4\u00e4 ja rahoittamaa kuntoutusta. Kuntoutujan etuudet maksaa Kela. \u200bTarkempaa tietoa Kelan etuuksista, kuten kuntoutuksesta, matkakorvauksista ja vammaisetuuksista saat Kelan internetsivuilta (www.kela.fi). Tarvittaessa voit olla yhteydess\u00e4 Kelaan. Kelan etuuskohtaiset palvelunumerot ovat Kelan verkkosivuilla&nbsp;www.kela.fi&nbsp;&gt; Yhteystiedot &gt;&#8230;<\/p>\n","protected":false},"author":1,"featured_media":0,"parent":0,"menu_order":0,"comment_status":"closed","ping_status":"closed","template":"","meta":[],"_links":{"self":[{"href":"https:\/\/www.terapiaharila.fi\/index.php?rest_route=\/wp\/v2\/pages\/95"}],"collection":[{"href":"https:\/\/www.terapiaharila.fi\/index.php?rest_route=\/wp\/v2\/pages"}],"about":[{"href":"https:\/\/www.terapiaharila.fi\/index.php?rest_route=\/wp\/v2\/types\/page"}],"author":[{"embeddable":true,"href":"https:\/\/www.terapiaharila.fi\/index.php?rest_route=\/wp\/v2\/users\/1"}],"replies":[{"embeddable":true,"href":"https:\/\/www.terapiaharila.fi\/index.php?rest_route=%2Fwp%2Fv2%2Fcomments&post=95"}],"version-history":[{"count":6,"href":"https:\/\/www.terapiaharila.fi\/index.php?rest_route=\/wp\/v2\/pages\/95\/revisions"}],"predecessor-version":[{"id":462,"href":"https:\/\/www.terapiaharila.fi\/index.php?rest_route=\/wp\/v2\/pages\/95\/revisions\/462"}],"wp:attachment":[{"href":"https:\/\/www.terapiaharila.fi\/index.php?rest_route=%2Fwp%2Fv2%2Fmedia&parent=95"}],"curies":[{"name":"wp","href":"https:\/\/api.w.org\/{rel}","templated":true}]}}